112
Calculate the remainder when 20737 is divided by 210.
157
Calculate the remainder when 15470 is divided by 45.
35
What is the remainder when 12653 is divided by 85?
73
What is the remainder when 48123 is divided by 438?
381
What is the remainder when 136197 is divided by 2897?
38
Calculate the remainder when 520009 is divided by 47.
1
Calculate the remainder when 60422 is divided by 48.
38
Calculate the remainder when 714729 is divided by 17.
15
What is the remainder when 544049 is divided by 134?
9
What is the remainder when 69271 is divided by 1099?
34
What is the remainder when 4953 is divided by 81?
12
Calculate the remainder when 2286 is divided by 329.
312
What is the remainder when 52155 is divided by 9?
0
What is the remainder when 144949 is divided by 60?
49
Calculate the remainder when 27202 is divided by 9062.
16
What is the remainder when 136172 is divided by 25?
22
Calculate the remainder when 5076 is divided by 109.
62
What is the remainder when 6626 is divided by 456?
242
What is the remainder when 4794 is divided by 164?
38
Calculate the remainder when 12123 is divided by 82.
69
What is the remainder when 2212061 is divided by 34?
21
Calculate the remainder when 18222 is divided by 167.
19
What is the remainder when 484567 is divided by 509?
508
Calculate the remainder when 80746 is divided by 1242.
16
What is the remainder when 32361 is divided by 8073?
69
What is the remainder when 4994 is divided by 14?
10
What is the remainder when 188317 is divided by 493?
484
Calculate the remainder when 3659 is divided by 149.
83
Calculate the remainder when 1241403 is divided by 503.
502
What is the remainder when 62606 is divided by 7?
5
Calculate the remainder when 801789 is divided by 17430.
9
Calculate the remainder when 3550 is divided by 196.
22
Calculate the remainder when 215 is divided by 166.
49
Calculate the remainder when 4131 is divided by 1318.
177
What is the remainder when 3700 is divided by 26?
8
Calculate the remainder when 13486 is divided by 71.
67
What is the remainder when 4280 is divided by 54?
14
What is the remainder when 98332 is divided by 5?
2
Calculate the remainder when 2277 is divided by 599.
480
Calculate the remainder when 22567 is divided by 4116.
1987
Calculate the remainder when 1506 is divided by 84.
78
What is the remainder when 13167 is divided by 3284?
31
What is the remainder when 85499 is divided by 156?
11
Calculate the remainder when 117288 is divided by 138.
126
What is the remainder when 45056 is divided by 31?
13
What is the remainder when 175243 is divided by 2468?
15
Calculate the remainder when 43414 is divided by 472.
462
What is the remainder when 5089 is divided by 1188?
337
Calculate the remainder when 20994 is divided by 51.
33
Calculate the remainder when 3268 is divided by 53.
35
What is the remainder when 14538 is divided by 36?
30
What is the remainder when 8576 is divided by 8565?
11
Calculate the remainder when 935699 is divided by 100.
99
Calculate the remainder when 5404 is divided by 647.
228
What is the remainder when 1638 is divided by 195?
78
What is the remainder when 30026 is divided by 424?
346
What is the remainder when 28193 is divided by 7045?
13
What is the remainder when 4799 is divided by 243?
182
What is the remainder when 20153 is divided by 276?
5
What is the remainder when 10093 is divided by 3340?
73
What is the remainder when 10464 is divided by 476?
468
Calculate the remainder when 2120 is divided by 454.
304
What is the remainder when 74008 is divided by 257?
249
What is the remainder when 4033 is divided by 1098?
739
Calculate the remainder when 173542 is divided by 11.
6
What is the remainder when 879 is divided by 261?
96
Calculate the remainder when 1235 is divided by 1093.
142
Calculate the remainder when 57502 is divided by 178.
8
Calculate the remainder when 74636 is divided by 37315.
6
Calculate the remainder when 174438 is divided by 58145.
3
What is the remainder when 6264 is divided by 275?
214
What is the remainder when 9926 is divided by 821?
74
What is the remainder when 62690 is divided by 1330?
180
What is the remainder when 68518 is divided by 25?
18
Calculate the remainder when 4127 is divided by 179.
10
What is the remainder when 6259 is divided by 58?
53
Calculate the remainder when 89266 is divided by 10.
6
Calculate the remainder when 1017 is divided by 99.
27
What is the remainder when 17924 is divided by 4466?
60
Calculate the remainder when 5293 is divided by 4545.
748
What is the remainder when 1359 is divided by 187?
50
What is the remainder when 50658 is divided by 50623?
35
What is the remainder when 69357 is divided by 30?
27
What is the remainder when 11014 is divided by 74?
62
What is the remainder when 7243 is divided by 233?
20
What is the remainder when 10869 is divided by 586?
321
Calculate the remainder when 60616 is divided by 97.
88
What is the remainder when 128946 is divided by 53?
50
What is the remainder when 390895 is divided by 482?
475
What is the remainder when 21209 is divided by 936?
617
What is the remainder when 4609 is divided by 504?
73
What is the remainder when 1272316 is divided by 766?
756
Calculate the remainder when 52618 is divided by 3758.
6
What is the remainder when 6283 is divided by 2094?
1
What is the remainder when 50301 is divided by 19?
8
What is the remainder when 48132 is divided by 379?
378
Calculate the remainder when 55699 is divided by 356.
163
Calculate the remainder when 13376 is divided by 22.
0
Calculate the remainder when 1775 is divided by 37.
36
Calculate the remainder when 13335 is divided by 13319.
16
What is the remainder when 8369 is divided by 2091?
5
Calculate the remainder when 4348562 is divided by 149.
146
What is the remainder when 40719 is divided by 6785?
9
Calculate the remainder when 4508 is divided by 1488.
44
What is the remainder when 12083 is divided by 27?
14
Calculate the remainder when 6919 is divided by 494.
3
Calculate the remainder when 21206 is divided by 200.
6
Calculate the remainder when 22567 is divided by 13.
12
What is the remainder when 13627 is divided by 26?
3
What is the remainder when 154158 is divided by 19?
11
Calculate the remainder when 46858 is divided by 642.
634
What is the remainder when 53938 is divided by 214?
10
What is the remainder when 24556 is divided by 273?
259
What is the remainder when 10449 is divided by 5213?
23
Calculate the remainder when 70327 is divided by 541.
538
What is the remainder when 230419 is divided by 32917?
0
Calculate the remainder when 30880 is divided by 377.
343
What is the remainder when 80612 is divided by 117?
116
Calculate the remainder when 3997 is divided by 38.
7
Calculate the remainder when 38337 is divided by 60.
57
Calculate the remainder when 32350 is divided by 8086.
6
Calculate the remainder when 216631 is divided by 7.
2
Calculate the remainder when 56698 is divided by 287.
159
What is the remainder when 10780 is divided by 42?
28
What is the remainder when 458108 is divided by 221?
196
What is the remainder when 10283 is divided by 541?
4
What is the remainder when 79586 is divided by 33?
23
Calculate the remainder when 249571 is divided by 8.
3
Calculate the remainder when 26140 is divided by 22.
4
What is the remainder when 307056 is divided by 102350?
6
What is the remainder when 4126 is divided by 1375?
1
What is the remainder when 968 is divided by 22?
0
What is the remainder when 5105 is divided by 830?
125
Calculate the remainder when 71772 is divided by 75.
72
Calculate the remainder when 7400 is divided by 323.
294
What is the remainder when 7052037 is divided by 180?
177
Calculate the remainder when 2392 is divided by 334.
54
Calculate the remainder when 122164 is divided by 11.
9
What is the remainder when 441769 is divided by 11?
9
Calculate the remainder when 28791 is divided by 1791.
135
What is the remainder when 393981 is divided by 19?
16
What is the remainder when 12419 is divided by 355?
349
Calculate the remainder when 1108561 is divided by 20916.
13
Calculate the remainder when 12807 is divided by 1158.
69
Calculate the remainder when 2616661 is divided by 184.
181
What is the remainder when 41180 is divided by 20576?
28
What is the remainder when 664851